{"id":60,"date":"2023-12-11T21:17:16","date_gmt":"2023-12-11T20:17:16","guid":{"rendered":"https:\/\/alixderivoyre.com\/?page_id=60"},"modified":"2024-05-14T15:15:31","modified_gmt":"2024-05-14T13:15:31","slug":"accueil-a-propos","status":"publish","type":"page","link":"https:\/\/alixderivoyre.com\/","title":{"rendered":"Alix de Rivoyre"},"content":{"rendered":"\n<div class=\"wp-block-media-text alignwide has-media-on-the-right is-stacked-on-mobile has-tertiary-background-color has-background\" style=\"grid-template-columns:auto 51%\"><div class=\"wp-block-media-text__content\">\n<p class=\"has-text-align-center\" style=\"font-size:36px\"><strong>Coach Professionnel certifi\u00e9e &amp; DRH<\/strong><\/p>\n<\/div><figure class=\"wp-block-media-text__media\"><img loading=\"lazy\" decoding=\"async\" width=\"478\" height=\"540\" src=\"https:\/\/alixderivoyre.com\/wp-content\/uploads\/2023\/12\/Sans-titre.png\" alt=\"\" class=\"wp-image-46 size-full\" srcset=\"https:\/\/alixderivoyre.com\/wp-content\/uploads\/2023\/12\/Sans-titre.png 478w, https:\/\/alixderivoyre.com\/wp-content\/uploads\/2023\/12\/Sans-titre-266x300.png 266w\" sizes=\"auto, (max-width: 478px) 100vw, 478px\" \/><\/figure><\/div>\n\n\n\n<p><strong>A PROPOS<\/strong><\/p>\n\n\n\n<p><\/p>\n\n\n\n<p>Coach Professionnel, certifi\u00e9e par l\u2019Ecole de Coaching de Paris et titulaire du titre RNCP, je m\u2019appuie sur mon exp\u00e9rience de DRH dans l\u2019industrie automobile et sur mes qualit\u00e9s humaines pour proposer un accompagnement sur mesure aux entreprises et aux particuliers.<\/p>\n\n\n\n<p><\/p>\n\n\n\n<p>Au long de mon parcours de 10 ans dans les ressources humaines, j&#8217;ai travaill\u00e9 au d\u00e9veloppement RH, gestion des carri\u00e8res, gestion des strat\u00e9gies de r\u00e9mun\u00e9ration et de la mobilit\u00e9 internationale, puis direction des ressources humaines \u00e0 l\u2019international. J&#8217;ai \u00e9volu\u00e9 au sein de petites structures, mais aussi de grands groupes tels que l\u2019Or\u00e9al, Total, Forvia.<\/p>\n\n\n\n<p><\/p>\n\n\n\n<p>Mon exp\u00e9rience du monde de l\u2019entreprise, des CODIR et des \u00e9quipes multifonctionnelles et multinationales contribuent \u00e0 une connaissance approfondie des enjeux humains dans les organisations.<\/p>\n\n\n\n<p><\/p>\n\n\n\n<p><strong>Ce qui m&#8217;anime : <\/strong><\/p>\n\n\n\n<p><\/p>\n\n\n\n<p>Mon premier \u00e9lan vers les Ressources Humaines trouve sa source&nbsp;dans l&#8217;int\u00e9r\u00eat que je porte \u00e0 la rencontre entre l&#8217;individu et l&#8217;organisation, et au partenariat exigeant, enrichissant et stimulant entre le RH et l&#8217;op\u00e9rationnel.<\/p>\n\n\n\n<p class=\"has-text-align-left\"><\/p>\n\n\n\n<p class=\"has-text-align-left\">Tout en gardant un ancrage dans mes pr\u00e9c\u00e9dentes fonctions, j&#8217;ai souhait\u00e9 approfondir la dimension d&#8217;accompagnement de la personne, du collectif.&nbsp;<\/p>\n\n\n\n<p class=\"has-text-align-left\"><\/p>\n\n\n\n<p class=\"has-text-align-left\">Je suis convaincue que chaque exp\u00e9rience professionnelle, chaque nouveau poste, nous donne \u00e0 travailler de nouvelles facettes de notre personnalit\u00e9. C&#8217;est \u00e0 chaque fois une occasion de se red\u00e9couvrir, de se conna\u00eetre davantage, de se mettre en mouvement et de se d\u00e9passer.<\/p>\n\n\n\n<p class=\"has-text-align-left\"><\/p>\n\n\n\n<p class=\"has-text-align-left\">C&#8217;est ce que je propose par le coaching professionnel.&nbsp;<strong>Je souhaite profond\u00e9ment aider ceux qui me font confiance \u00e0 faire de leur aventure professionnelle un lieu de croissance et d&#8217;\u00e9panouissement.&nbsp;<\/strong><\/p>\n\n\n\n<blockquote class=\"wp-block-quote is-layout-flow wp-block-quote-is-layout-flow\">\n<p class=\"has-medium-font-size\"><em>\u00ab&nbsp;La conqu\u00eate que nous avons \u00e0 faire est une conqu\u00eate mentale&nbsp;: passer du concept de&nbsp;\u00ab&nbsp;changement&nbsp;\u00bb \u00e0 celui d\u2019\u00ab&nbsp;\u00e9volution permanente&nbsp;\u00bb, passer de la vaine et f\u00e9brile recherche&nbsp;d\u2019un mod\u00e8le id\u00e9al \u00e0 la patiente construction d\u2019un devenir r\u00e9alis\u00e9.&nbsp;\u00bb<\/em><\/p>\n<cite>Dominique Genelot.<\/cite><\/blockquote>\n\n\n\n<p class=\"is-style-info\"><em><strong><mark style=\"background-color:rgba(0, 0, 0, 0)\" class=\"has-inline-color has-secondary-color\">Activit\u00e9s&nbsp;<\/mark><\/strong><\/em><\/p>\n\n\n\n<p>\u200b<\/p>\n\n\n\n<p>J&#8217;accompagne les individus\/managers\/dirigeants dans la poursuite de leurs objectifs professionnels et la r\u00e9solution de leurs probl\u00e9matiques, pouvant \u00eatre li\u00e9es \u00e0 la fa\u00e7on d\u2019\u00eatre, d\u2019interagir avec les autres (\u00e9quipe, hi\u00e9rarchie, pairs), de manager, de performer, de s\u2019accomplir.<\/p>\n\n\n\n<p>\u200b<\/p>\n\n\n\n<p>Des th\u00e9matiques tr\u00e8s vari\u00e9es peuvent \u00eatre abord\u00e9es en coaching&nbsp;<strong>individuel<\/strong>, notamment<\/p>\n\n\n\n<ul class=\"wp-block-list\">\n<li>la communication<\/li>\n\n\n\n<li>l\u2019affirmation de soi<\/li>\n\n\n\n<li>la gestion de conflit<\/li>\n\n\n\n<li>l\u2019accompagnement de transition professionnelle<\/li>\n\n\n\n<li>le d\u00e9veloppement des pratiques manag\u00e9riales<\/li>\n\n\n\n<li>la prise de poste<\/li>\n\n\n\n<li>etc.<\/li>\n<\/ul>\n\n\n\n<p><\/p>\n\n\n\n<p><\/p>\n\n\n\n<p>Avec l\u2019accompagnement&nbsp;<strong>collectif<\/strong>, je m&#8217;adresse \u00e0 toute \u00e9quipe (pouvant \u00e9galement \u00eatre un <strong>comit\u00e9 de direction<\/strong>), dont le dirigeant\/manager souhaite am\u00e9liorer la performance, la communication, la coh\u00e9sion. <\/p>\n\n\n\n<p>Il peut aussi s&#8217;agir de r\u00e9pondre au souhait du dirigeant d&#8217;amener son \u00e9quipe \u00e0 cr\u00e9er, int\u00e9grer et mettre en \u0153uvre une vision partag\u00e9e. <\/p>\n\n\n\n<p>Le coaching collectif peut notamment s\u2019av\u00e9rer particuli\u00e8rement utile dans un contexte de dysfonctionnements de l\u2019\u00e9quipe, de difficult\u00e9s relationnelles, ou d\u2019enjeux li\u00e9s \u00e0 la prise de d\u00e9cision.<\/p>\n\n\n\n<p>\u200b<\/p>\n\n\n\n<p class=\"is-style-info\"><strong><em><mark style=\"background-color:rgba(0, 0, 0, 0)\" class=\"has-inline-color has-secondary-color\">Alliage du coaching professionnel et de la DRH pour vos&nbsp;projets sp\u00e9cifiques:&nbsp;<\/mark><\/em><\/strong>\u200b<\/p>\n\n\n\n<p><strong><em>\u200b<\/em><\/strong>\u200b<\/p>\n\n\n\n<ul class=\"wp-block-list\">\n<li>Campagnes de Feedback 360\u00b0<\/li>\n\n\n\n<li>Campagnes d&#8217;entretiens annuels<\/li>\n\n\n\n<li>Formation professionnelle<\/li>\n\n\n\n<li>Burn out: sensibilisation, r\u00e9int\u00e9gration<\/li>\n\n\n\n<li>Accompagnement de la mobilit\u00e9 internationale<\/li>\n\n\n\n<li>&#8230;.<\/li>\n<\/ul>\n\n\n\n<p><strong><em>\u200b<\/em><\/strong><\/p>\n\n\n\n<p class=\"is-style-info\"><strong><em><mark style=\"background-color:rgba(0, 0, 0, 0)\" class=\"has-inline-color has-secondary-color\">Modalit\u00e9s<\/mark><\/em><\/strong><\/p>\n\n\n\n<p><em>\u200b<\/em><\/p>\n\n\n\n<p><\/p>\n\n\n\n<p>Je peux vous recevoir dans mes bureaux \u00e0 <strong>Mont-de-Marsan, Landes<\/strong>, et le <strong>distanciel (visioconf\u00e9rence)<\/strong> me permet d\u2019acc\u00e9der \u00e0 vos demandes sur la<strong> France enti\u00e8re<\/strong>.&nbsp;<\/p>\n\n\n\n<p>Des d\u00e9placements en r\u00e9gion sont \u00e9galement possibles.<\/p>\n\n\n\n<p><\/p>\n\n\n\n<p>Un premier rendez-vous t\u00e9l\u00e9phonique vous est propos\u00e9 pour discuter de toute demande potentielle.<\/p>\n\n\n\n<p><\/p>\n\n\n\n<p>Les s\u00e9ances de coaching peuvent se tenir en fran\u00e7ais, en anglais ou en portugais. <\/p>\n","protected":false},"excerpt":{"rendered":"<p>Coach Professionnel certifi\u00e9e &amp; DRH A PROPOS Coach Professionnel, certifi\u00e9e par l\u2019Ecole de Coaching de Paris et titulaire du titre RNCP, je m\u2019appuie sur mon exp\u00e9rience de DRH dans l\u2019industrie automobile et sur mes qualit\u00e9s humaines pour proposer un accompagnement sur mesure aux entreprises et aux particuliers. Au long de mon parcours de 10 ans [&hellip;]<\/p>\n","protected":false},"author":1,"featured_media":0,"parent":0,"menu_order":0,"comment_status":"closed","ping_status":"closed","template":"","meta":{"hide_page_title":"","_coblocks_attr":"","_coblocks_dimensions":"","_coblocks_responsive_height":"","_coblocks_accordion_ie_support":"","footnotes":""},"class_list":["post-60","page","type-page","status-publish","hentry"],"_links":{"self":[{"href":"https:\/\/alixderivoyre.com\/index.php\/wp-json\/wp\/v2\/pages\/60","targetHints":{"allow":["GET"]}}],"collection":[{"href":"https:\/\/alixderivoyre.com\/index.php\/wp-json\/wp\/v2\/pages"}],"about":[{"href":"https:\/\/alixderivoyre.com\/index.php\/wp-json\/wp\/v2\/types\/page"}],"author":[{"embeddable":true,"href":"https:\/\/alixderivoyre.com\/index.php\/wp-json\/wp\/v2\/users\/1"}],"replies":[{"embeddable":true,"href":"https:\/\/alixderivoyre.com\/index.php\/wp-json\/wp\/v2\/comments?post=60"}],"version-history":[{"count":18,"href":"https:\/\/alixderivoyre.com\/index.php\/wp-json\/wp\/v2\/pages\/60\/revisions"}],"predecessor-version":[{"id":100,"href":"https:\/\/alixderivoyre.com\/index.php\/wp-json\/wp\/v2\/pages\/60\/revisions\/100"}],"wp:attachment":[{"href":"https:\/\/alixderivoyre.com\/index.php\/wp-json\/wp\/v2\/media?parent=60"}],"curies":[{"name":"wp","href":"https:\/\/api.w.org\/{rel}","templated":true}]}}